{"id":561,"date":"2022-08-18T15:01:17","date_gmt":"2022-08-18T13:01:17","guid":{"rendered":"https:\/\/www.avocat-brukhnova.com\/?page_id=561"},"modified":"2022-10-07T12:31:45","modified_gmt":"2022-10-07T10:31:45","slug":"droit-des-affaires","status":"publish","type":"page","link":"https:\/\/www.avocat-brukhnova.com\/?page_id=561","title":{"rendered":"Droit des affaires"},"content":{"rendered":"<p>[vc_row full_width=\u00a0\u00bbstretch_row\u00a0\u00bb][vc_column]\n\t\t<div class=\"bg--primary imagebg height-40\" data-overlay=\"9\">\n\t\t\t<div class=\"background-image-holder\">\n\t\t\t\t<img width=\"1798\" height=\"1200\" src=\"https:\/\/www.avocat-brukhnova.com\/wp-content\/uploads\/avocats-avocat-travail-01.jpg\" class=\"attachment-full size-full\" alt=\"avocat en droit des affaires \u00e0 Strasbourg\" decoding=\"async\" loading=\"lazy\" srcset=\"https:\/\/www.avocat-brukhnova.com\/wp-content\/uploads\/avocats-avocat-travail-01.jpg 1798w, https:\/\/www.avocat-brukhnova.com\/wp-content\/uploads\/avocats-avocat-travail-01-300x200.jpg 300w, https:\/\/www.avocat-brukhnova.com\/wp-content\/uploads\/avocats-avocat-travail-01-1024x683.jpg 1024w, https:\/\/www.avocat-brukhnova.com\/wp-content\/uploads\/avocats-avocat-travail-01-768x513.jpg 768w, https:\/\/www.avocat-brukhnova.com\/wp-content\/uploads\/avocats-avocat-travail-01-1536x1025.jpg 1536w\" sizes=\"(max-width: 1798px) 100vw, 1798px\" \/>\n\t\t\t<\/div>\n\t\t\t<div class=\"container pos-vertical-center\">\n\t\t\t\t<div class=\"row\">\n\t\t\t\t\t<div class=\"col-sm-12 wpb_text_column\">\n\t\t\t\t\t\t<\/p>\n<h1>Droit des affaires<\/h1>\n<p>\n\t\t\t\t\t<\/div>\n\t\t\t\t<\/div><!--end of row-->\n\t\t\t<\/div><!--end of container-->\n\t\t<\/div>\n\t[\/vc_column][\/vc_row][vc_row css=\u00a0\u00bb.vc_custom_1461592412245{padding-bottom: 0px !important;background-color: #e9ebee !important;}\u00a0\u00bb][vc_column width=\u00a0\u00bb5\/12&Prime;][vc_column_text]<strong>Ma\u00eetre Karyna Brukhnova, avocat en droit des affaires \u00e0 Strasbourg, vous re\u00e7oit au sein de son cabinet afin de vous fournir les meilleurs conseils en mati\u00e8re du droit des affaires <\/strong>qui englobe le droit commercial et le droit des soci\u00e9t\u00e9s.<\/p>\n<p>B\u00e9n\u00e9ficiant d\u2019une grande expertise, votre avocat au barreau de Strasbourg est \u00e0 m\u00eame de vous assister pour assurer la p\u00e9rennit\u00e9 de votre entreprise. Ma\u00eetre Karyna Brukhnova sera toujours \u00e0 votre disposition pour vous repr\u00e9senter et vous d\u00e9fendre <strong>devant les diff\u00e9rentes juridictions et, notamment, devant le tribunal de commerce.<\/strong><\/p>\n<p>Ayant de connaissances approfondies et pointues en la mati\u00e8re du droit des affaires, votre avocat accompagne de A \u00e0 Z les commer\u00e7ants et les entreprises, notamment, lorsqu\u2019il s\u2019agit d\u2019entamer une proc\u00e9dure de recouvrement de cr\u00e9ances, conclure un bail commercial ou encore c\u00e9der un fonds de commerce.<\/p>\n<p><a class=\"btn\" href=\"\/contact\">Contact<\/a>[\/vc_column_text][\/vc_column][vc_column width=\u00a0\u00bb1\/12&Prime;][\/vc_column][vc_column width=\u00a0\u00bb1\/2&Prime;]\n\t\t<div class=\"boxed imagebg text-center stat-simple \" data-overlay=\"7\">\n\t\t\t<div class=\"background-image-holder\">\n\t\t\t\t<img width=\"1024\" height=\"683\" src=\"https:\/\/www.avocat-brukhnova.com\/wp-content\/uploads\/avocat-droit-affaire-03-1024x683.jpg\" class=\"attachment-large size-large\" alt=\"avocat en droit des affaires \u00e0 Strasbourg\" decoding=\"async\" loading=\"lazy\" srcset=\"https:\/\/www.avocat-brukhnova.com\/wp-content\/uploads\/avocat-droit-affaire-03-1024x683.jpg 1024w, https:\/\/www.avocat-brukhnova.com\/wp-content\/uploads\/avocat-droit-affaire-03-300x200.jpg 300w, https:\/\/www.avocat-brukhnova.com\/wp-content\/uploads\/avocat-droit-affaire-03-768x513.jpg 768w, https:\/\/www.avocat-brukhnova.com\/wp-content\/uploads\/avocat-droit-affaire-03-1536x1025.jpg 1536w, https:\/\/www.avocat-brukhnova.com\/wp-content\/uploads\/avocat-droit-affaire-03.jpg 1798w\" sizes=\"(max-width: 1024px) 100vw, 1024px\" \/>\n\t\t\t<\/div>\n\t\t\t<span class=\"h1 color--white\">\n\t\t\t\tMa\u00eetre Karyna Brukhnova\n\t\t\t<\/span>\n\t\t\t<p><br class=\"hidden-xs hidden-sm\" \/>Votre avocat en droit des affaires \u00e0 Strasbourg<\/p>\n\n\t\t<\/div>\n\t[\/vc_column][\/vc_row][vc_row el_class=\u00a0\u00bbbg&#8211;primary section&#8211;pullup\u00a0\u00bb css=\u00a0\u00bb.vc_custom_1461593458900{padding-top: 125px !important;padding-bottom: 200px !important;}\u00a0\u00bb][vc_column width=\u00a0\u00bb1\/6&Prime;][\/vc_column][vc_column width=\u00a0\u00bb2\/3&Prime;][vc_column_text]<\/p>\n<h2 style=\"text-align: center;\">Faites appel \u00e0 l\u2019expertise de votre avocat en droit des affaires<\/h2>\n<p>[\/vc_column_text][vc_empty_space height=\u00a0\u00bb80px\u00a0\u00bb][vc_column_text]<\/p>\n<p style=\"text-align: center;\">Il faut savoir que faire appel aux comp\u00e9tences d\u2019un avocat en droit des affaires est essentiel pour anticiper et \u00e9viter les conflits entre les associ\u00e9s ou n\u00e9gocier les contrats. De plus, le recours \u00e0 ce professionnel est important pour se d\u00e9fendre dans les litiges commerciaux ou encore se faire repr\u00e9senter en cas de proc\u00e9dure judiciaire.<\/p>\n<p style=\"text-align: center;\"><strong>Ma\u00eetre Karyna Brukhnova conseille r\u00e9guli\u00e8rement les entreprises fran\u00e7aises et \u00e9trang\u00e8res. Elle sera votre alli\u00e9e incontournable durant toute votre aventure entrepreneuriale. <\/strong><\/p>\n<p style=\"text-align: center;\"><strong>Les missions de votre avocat en droit des affaires sont multiples\u00a0: <\/strong><\/p>\n<p>[\/vc_column_text][vc_empty_space][vc_column_text]<\/p>\n<hr \/>\n<p>[\/vc_column_text][\/vc_column][vc_column width=\u00a0\u00bb1\/6&Prime;][\/vc_column][\/vc_row][vc_row css=\u00a0\u00bb.vc_custom_1662469704572{padding-top: 100px !important;}\u00a0\u00bb][vc_column width=\u00a0\u00bb1\/6&Prime;][\/vc_column][vc_column width=\u00a0\u00bb2\/3&Prime; css=\u00a0\u00bb.vc_custom_1662638820747{background-color: #ffffff !important;}\u00a0\u00bb]<ul class=\"accordion\">\n\t\t<li>\n\t\t\t<div class=\"accordion__title text-center\">\n\t\t\t\t<span class=\"h6\">Droit des soci\u00e9t\u00e9s<\/span>\n\t\t\t<\/div>\n\t\t\t<div class=\"accordion__content\">\n\t\t\t\t<p>Si vous \u00eates dirigeant d\u2019entreprise ou entrepreneur individuel, Ma\u00eetre Karyna Brukhnova met \u00e0 votre disposition ses comp\u00e9tences en droit des soci\u00e9t\u00e9s pour vous conseiller et vous assister lors de la cr\u00e9ation d\u2019une entreprise. Elle sera \u00e0 vos c\u00f4t\u00e9s pour la prise en charge des op\u00e9rations d\u2019acquisition (ou cession d\u2019entreprise) et le suivi de la vie juridique de la soci\u00e9t\u00e9<strong>. <\/strong><\/p>\n<p>Les principaux domaines d\u2019intervention de votre avocat sont\u00a0:<br \/>\n&#8211; R\u00e9daction d\u2019actes juridiques (lettres d\u2019intention, cession d\u2019actions et parts sociales, etc.)<br \/>\n&#8211; Conseil et assistance pour les op\u00e9rations de base (cr\u00e9ation de soci\u00e9t\u00e9set filiales, choix de la structure, r\u00e9daction des statuts, etc.)<br \/>\n&#8211; Prise en charge des op\u00e9rations plus complexes (cession de fonds de commerce ou de titres de soci\u00e9t\u00e9)<br \/>\n&#8211; Accompagnement de la soci\u00e9t\u00e9 ou des cr\u00e9anciers dans le cadre de redressement ou de liquidation judiciaire ou amiable (d\u00e9claration de cr\u00e9ance, responsabilit\u00e9 du liquidateur amiable)<br \/>\n&#8211; Suivi juridique de diff\u00e9rentes op\u00e9rations courantes (approbation des comptes, modifications statutaires, convocation de l\u2019assembl\u00e9e g\u00e9n\u00e9rale etc.)<\/p>\n\n\t\t\t<\/div>\n\t\t<\/li>\n\t\n\t\t<li>\n\t\t\t<div class=\"accordion__title text-center\">\n\t\t\t\t<span class=\"h6\">Droit commercial<\/span>\n\t\t\t<\/div>\n\t\t\t<div class=\"accordion__content\">\n\t\t\t\t<p>Cette branche du droit est relative aux op\u00e9rations entre les commer\u00e7ants. Elle couvre notamment la r\u00e9daction des contrats commerciaux ou encore la rupture des relations commerciales.<\/p>\n<p>Les comp\u00e9tences du cabinet de <strong>Ma\u00eetre Karyna Brukhnova<\/strong>\u00a0sont :<br \/>\n&#8211; Conseil pour la r\u00e9daction et la mise \u00e0 jour de contrats et d\u2019actes commerciaux<br \/>\n&#8211; R\u00e9daction de bail commercial et professionnel<br \/>\n&#8211; Accompagnement dans le cadre d\u2019une rupture des relations commerciales<br \/>\n&#8211; Gestion des litiges avec les clients ou fournisseurs et des litiges entre professionnels<br \/>\n&#8211; Recours en responsabilit\u00e9 contractuelle<br \/>\n&#8211; Recouvrement de cr\u00e9ances (mise en demeure, mesures conservatoires, etc.)<\/p>\n\n\t\t\t<\/div>\n\t\t<\/li>\n\t<\/ul>[\/vc_column][vc_column width=\u00a0\u00bb1\/6&Prime;][\/vc_column][\/vc_row]<\/p>\n","protected":false},"excerpt":{"rendered":"<p>[vc_row full_width=\u00a0\u00bbstretch_row\u00a0\u00bb][vc_column][\/vc_column][\/vc_row][vc_row css=\u00a0\u00bb.vc_custom_1461592412245{padding-bottom: 0px !important;background-color: #e9ebee !important;}\u00a0\u00bb][vc_column width=\u00a0\u00bb5\/12&Prime;][vc_column_text]Ma\u00eetre Karyna Brukhnova, avocat en droit des affaires \u00e0 Strasbourg, vous re\u00e7oit au sein de son cabinet afin de vous fournir les meilleurs conseils en mati\u00e8re du droit des affaires qui englobe le droit commercial et le droit des soci\u00e9t\u00e9s. B\u00e9n\u00e9ficiant d\u2019une grande expertise, votre avocat au barreau [&hellip;]<\/p>\n","protected":false},"author":1,"featured_media":0,"parent":0,"menu_order":0,"comment_status":"closed","ping_status":"closed","template":"","meta":[],"yoast_head":"<!-- This site is optimized with the Yoast SEO plugin v20.2.1 - https:\/\/yoast.com\/wordpress\/plugins\/seo\/ -->\n<title>Karyna Brukhnova - Avocat en droit des affaires \u00e0 Strasbourg<\/title>\n<meta name=\"description\" content=\"Votre avocat en droit des affaires \u00e0 Strasbourg vous accompagne dans toutes les \u00e9tapes de la vie d&#039;une soci\u00e9t\u00e9.\" \/>\n<meta name=\"robots\" content=\"index, follow, max-snippet:-1, max-image-preview:large, max-video-preview:-1\" \/>\n<link rel=\"canonical\" href=\"https:\/\/www.avocat-brukhnova.com\/?page_id=561\" \/>\n<meta property=\"og:locale\" content=\"fr_FR\" \/>\n<meta property=\"og:type\" content=\"article\" \/>\n<meta property=\"og:title\" content=\"Karyna Brukhnova - Avocat en droit des affaires \u00e0 Strasbourg\" \/>\n<meta property=\"og:description\" content=\"Votre avocat en droit des affaires \u00e0 Strasbourg vous accompagne dans toutes les \u00e9tapes de la vie d&#039;une soci\u00e9t\u00e9.\" \/>\n<meta property=\"og:url\" content=\"https:\/\/www.avocat-brukhnova.com\/?page_id=561\" \/>\n<meta property=\"og:site_name\" content=\"Avocat Brukhnova\" \/>\n<meta property=\"article:modified_time\" content=\"2022-10-07T10:31:45+00:00\" \/>\n<meta name=\"twitter:card\" content=\"summary_large_image\" \/>\n<meta name=\"twitter:label1\" content=\"Dur\u00e9e de lecture estim\u00e9e\" \/>\n\t<meta name=\"twitter:data1\" content=\"3 minutes\" \/>\n<script type=\"application\/ld+json\" class=\"yoast-schema-graph\">{\"@context\":\"https:\/\/schema.org\",\"@graph\":[{\"@type\":\"WebPage\",\"@id\":\"https:\/\/www.avocat-brukhnova.com\/?page_id=561\",\"url\":\"https:\/\/www.avocat-brukhnova.com\/?page_id=561\",\"name\":\"Karyna Brukhnova - Avocat en droit des affaires \u00e0 Strasbourg\",\"isPartOf\":{\"@id\":\"https:\/\/www.avocat-brukhnova.com\/#website\"},\"datePublished\":\"2022-08-18T13:01:17+00:00\",\"dateModified\":\"2022-10-07T10:31:45+00:00\",\"description\":\"Votre avocat en droit des affaires \u00e0 Strasbourg vous accompagne dans toutes les \u00e9tapes de la vie d'une soci\u00e9t\u00e9.\",\"breadcrumb\":{\"@id\":\"https:\/\/www.avocat-brukhnova.com\/?page_id=561#breadcrumb\"},\"inLanguage\":\"fr-FR\",\"potentialAction\":[{\"@type\":\"ReadAction\",\"target\":[\"https:\/\/www.avocat-brukhnova.com\/?page_id=561\"]}]},{\"@type\":\"BreadcrumbList\",\"@id\":\"https:\/\/www.avocat-brukhnova.com\/?page_id=561#breadcrumb\",\"itemListElement\":[{\"@type\":\"ListItem\",\"position\":1,\"name\":\"Accueil\",\"item\":\"https:\/\/www.avocat-brukhnova.com\/\"},{\"@type\":\"ListItem\",\"position\":2,\"name\":\"Droit des affaires\"}]},{\"@type\":\"WebSite\",\"@id\":\"https:\/\/www.avocat-brukhnova.com\/#website\",\"url\":\"https:\/\/www.avocat-brukhnova.com\/\",\"name\":\"Avocat Brukhnova\",\"description\":\"\",\"publisher\":{\"@id\":\"https:\/\/www.avocat-brukhnova.com\/#organization\"},\"potentialAction\":[{\"@type\":\"SearchAction\",\"target\":{\"@type\":\"EntryPoint\",\"urlTemplate\":\"https:\/\/www.avocat-brukhnova.com\/?s={search_term_string}\"},\"query-input\":\"required name=search_term_string\"}],\"inLanguage\":\"fr-FR\"},{\"@type\":\"Organization\",\"@id\":\"https:\/\/www.avocat-brukhnova.com\/#organization\",\"name\":\"Avocat Brukhnova\",\"url\":\"https:\/\/www.avocat-brukhnova.com\/\",\"logo\":{\"@type\":\"ImageObject\",\"inLanguage\":\"fr-FR\",\"@id\":\"https:\/\/www.avocat-brukhnova.com\/#\/schema\/logo\/image\/\",\"url\":\"https:\/\/www.avocat-brukhnova.com\/wp-content\/uploads\/logo-avocat-brukhnova-nv24-1.png\",\"contentUrl\":\"https:\/\/www.avocat-brukhnova.com\/wp-content\/uploads\/logo-avocat-brukhnova-nv24-1.png\",\"width\":300,\"height\":95,\"caption\":\"Avocat Brukhnova\"},\"image\":{\"@id\":\"https:\/\/www.avocat-brukhnova.com\/#\/schema\/logo\/image\/\"}}]}<\/script>\n<!-- \/ Yoast SEO plugin. -->","yoast_head_json":{"title":"Karyna Brukhnova - Avocat en droit des affaires \u00e0 Strasbourg","description":"Votre avocat en droit des affaires \u00e0 Strasbourg vous accompagne dans toutes les \u00e9tapes de la vie d'une soci\u00e9t\u00e9.","robots":{"index":"index","follow":"follow","max-snippet":"max-snippet:-1","max-image-preview":"max-image-preview:large","max-video-preview":"max-video-preview:-1"},"canonical":"https:\/\/www.avocat-brukhnova.com\/?page_id=561","og_locale":"fr_FR","og_type":"article","og_title":"Karyna Brukhnova - Avocat en droit des affaires \u00e0 Strasbourg","og_description":"Votre avocat en droit des affaires \u00e0 Strasbourg vous accompagne dans toutes les \u00e9tapes de la vie d'une soci\u00e9t\u00e9.","og_url":"https:\/\/www.avocat-brukhnova.com\/?page_id=561","og_site_name":"Avocat Brukhnova","article_modified_time":"2022-10-07T10:31:45+00:00","twitter_card":"summary_large_image","twitter_misc":{"Dur\u00e9e de lecture estim\u00e9e":"3 minutes"},"schema":{"@context":"https:\/\/schema.org","@graph":[{"@type":"WebPage","@id":"https:\/\/www.avocat-brukhnova.com\/?page_id=561","url":"https:\/\/www.avocat-brukhnova.com\/?page_id=561","name":"Karyna Brukhnova - Avocat en droit des affaires \u00e0 Strasbourg","isPartOf":{"@id":"https:\/\/www.avocat-brukhnova.com\/#website"},"datePublished":"2022-08-18T13:01:17+00:00","dateModified":"2022-10-07T10:31:45+00:00","description":"Votre avocat en droit des affaires \u00e0 Strasbourg vous accompagne dans toutes les \u00e9tapes de la vie d'une soci\u00e9t\u00e9.","breadcrumb":{"@id":"https:\/\/www.avocat-brukhnova.com\/?page_id=561#breadcrumb"},"inLanguage":"fr-FR","potentialAction":[{"@type":"ReadAction","target":["https:\/\/www.avocat-brukhnova.com\/?page_id=561"]}]},{"@type":"BreadcrumbList","@id":"https:\/\/www.avocat-brukhnova.com\/?page_id=561#breadcrumb","itemListElement":[{"@type":"ListItem","position":1,"name":"Accueil","item":"https:\/\/www.avocat-brukhnova.com\/"},{"@type":"ListItem","position":2,"name":"Droit des affaires"}]},{"@type":"WebSite","@id":"https:\/\/www.avocat-brukhnova.com\/#website","url":"https:\/\/www.avocat-brukhnova.com\/","name":"Avocat Brukhnova","description":"","publisher":{"@id":"https:\/\/www.avocat-brukhnova.com\/#organization"},"potentialAction":[{"@type":"SearchAction","target":{"@type":"EntryPoint","urlTemplate":"https:\/\/www.avocat-brukhnova.com\/?s={search_term_string}"},"query-input":"required name=search_term_string"}],"inLanguage":"fr-FR"},{"@type":"Organization","@id":"https:\/\/www.avocat-brukhnova.com\/#organization","name":"Avocat Brukhnova","url":"https:\/\/www.avocat-brukhnova.com\/","logo":{"@type":"ImageObject","inLanguage":"fr-FR","@id":"https:\/\/www.avocat-brukhnova.com\/#\/schema\/logo\/image\/","url":"https:\/\/www.avocat-brukhnova.com\/wp-content\/uploads\/logo-avocat-brukhnova-nv24-1.png","contentUrl":"https:\/\/www.avocat-brukhnova.com\/wp-content\/uploads\/logo-avocat-brukhnova-nv24-1.png","width":300,"height":95,"caption":"Avocat Brukhnova"},"image":{"@id":"https:\/\/www.avocat-brukhnova.com\/#\/schema\/logo\/image\/"}}]}},"_links":{"self":[{"href":"https:\/\/www.avocat-brukhnova.com\/index.php?rest_route=\/wp\/v2\/pages\/561"}],"collection":[{"href":"https:\/\/www.avocat-brukhnova.com\/index.php?rest_route=\/wp\/v2\/pages"}],"about":[{"href":"https:\/\/www.avocat-brukhnova.com\/index.php?rest_route=\/wp\/v2\/types\/page"}],"author":[{"embeddable":true,"href":"https:\/\/www.avocat-brukhnova.com\/index.php?rest_route=\/wp\/v2\/users\/1"}],"replies":[{"embeddable":true,"href":"https:\/\/www.avocat-brukhnova.com\/index.php?rest_route=%2Fwp%2Fv2%2Fcomments&post=561"}],"version-history":[{"count":38,"href":"https:\/\/www.avocat-brukhnova.com\/index.php?rest_route=\/wp\/v2\/pages\/561\/revisions"}],"predecessor-version":[{"id":918,"href":"https:\/\/www.avocat-brukhnova.com\/index.php?rest_route=\/wp\/v2\/pages\/561\/revisions\/918"}],"wp:attachment":[{"href":"https:\/\/www.avocat-brukhnova.com\/index.php?rest_route=%2Fwp%2Fv2%2Fmedia&parent=561"}],"curies":[{"name":"wp","href":"https:\/\/api.w.org\/{rel}","templated":true}]}}