{"id":619,"date":"2022-08-19T12:21:36","date_gmt":"2022-08-19T10:21:36","guid":{"rendered":"https:\/\/www.avocat-brukhnova.com\/?page_id=619"},"modified":"2023-01-26T11:50:37","modified_gmt":"2023-01-26T10:50:37","slug":"droit-penal","status":"publish","type":"page","link":"https:\/\/www.avocat-brukhnova.com\/?page_id=619","title":{"rendered":"Droit p\u00e9nal"},"content":{"rendered":"<p>[vc_row full_width=\u00a0\u00bbstretch_row\u00a0\u00bb][vc_column]\n\t\t<div class=\"bg--primary imagebg height-40\" data-overlay=\"9\">\n\t\t\t<div class=\"background-image-holder\">\n\t\t\t\t<img width=\"1801\" height=\"1200\" src=\"https:\/\/www.avocat-brukhnova.com\/wp-content\/uploads\/avocat-02-2.jpg\" class=\"attachment-full size-full\" alt=\"avocat en droit p\u00e9nal \u00e0 Strasbourg\" decoding=\"async\" loading=\"lazy\" srcset=\"https:\/\/www.avocat-brukhnova.com\/wp-content\/uploads\/avocat-02-2.jpg 1801w, https:\/\/www.avocat-brukhnova.com\/wp-content\/uploads\/avocat-02-2-300x200.jpg 300w, https:\/\/www.avocat-brukhnova.com\/wp-content\/uploads\/avocat-02-2-1024x682.jpg 1024w, https:\/\/www.avocat-brukhnova.com\/wp-content\/uploads\/avocat-02-2-768x512.jpg 768w, https:\/\/www.avocat-brukhnova.com\/wp-content\/uploads\/avocat-02-2-1536x1023.jpg 1536w\" sizes=\"(max-width: 1801px) 100vw, 1801px\" \/>\n\t\t\t<\/div>\n\t\t\t<div class=\"container pos-vertical-center\">\n\t\t\t\t<div class=\"row\">\n\t\t\t\t\t<div class=\"col-sm-12 wpb_text_column\">\n\t\t\t\t\t\t<\/p>\n<h1>Droit p\u00e9nal<\/h1>\n<p>\n\t\t\t\t\t<\/div>\n\t\t\t\t<\/div><!--end of row-->\n\t\t\t<\/div><!--end of container-->\n\t\t<\/div>\n\t[\/vc_column][\/vc_row][vc_row css=\u00a0\u00bb.vc_custom_1461592412245{padding-bottom: 0px !important;background-color: #e9ebee !important;}\u00a0\u00bb][vc_column width=\u00a0\u00bb5\/12&Prime;][vc_empty_space height=\u00a0\u00bb50px\u00a0\u00bb][vc_column_text]<strong>Ma\u00eetre Karyna Brukhnova, avocat en droit p\u00e9nal \u00e0 Strasbourg, vous repr\u00e9sente si vous vous avez commis une infraction ou si vous \u00eates victime d\u2019une infraction. <\/strong>Elle mettra en \u0153uvre ses comp\u00e9tences pour d\u00e9fendre au mieux vos int\u00e9r\u00eats devant les juridictions p\u00e9nales.<\/p>\n<p>Si vous \u00eates impliqu\u00e9 dans une affaire p\u00e9nale, faites appel \u00e0 l\u2019expertise de Ma\u00eetre Karyna Brukhnova. \u0421omp\u00e9tente et combative, elle saura d\u00e9fendre au mieux vos int\u00e9r\u00eats<strong>.<\/strong>[\/vc_column_text][\/vc_column][vc_column width=\u00a0\u00bb1\/12&Prime;][\/vc_column][vc_column width=\u00a0\u00bb1\/2&Prime;]\n\t\t<div class=\"boxed imagebg text-center stat-simple \" data-overlay=\"7\">\n\t\t\t<div class=\"background-image-holder\">\n\t\t\t\t<img width=\"1024\" height=\"682\" src=\"https:\/\/www.avocat-brukhnova.com\/wp-content\/uploads\/avocat-02-1024x682.jpg\" class=\"attachment-large size-large\" alt=\"avocat en droit p\u00e9nal \u00e0 Strasbourg\" decoding=\"async\" loading=\"lazy\" srcset=\"https:\/\/www.avocat-brukhnova.com\/wp-content\/uploads\/avocat-02-1024x682.jpg 1024w, https:\/\/www.avocat-brukhnova.com\/wp-content\/uploads\/avocat-02-300x200.jpg 300w, https:\/\/www.avocat-brukhnova.com\/wp-content\/uploads\/avocat-02-768x512.jpg 768w, https:\/\/www.avocat-brukhnova.com\/wp-content\/uploads\/avocat-02-1536x1023.jpg 1536w, https:\/\/www.avocat-brukhnova.com\/wp-content\/uploads\/avocat-02.jpg 1801w\" sizes=\"(max-width: 1024px) 100vw, 1024px\" \/>\n\t\t\t<\/div>\n\t\t\t<span class=\"h1 color--white\">\n\t\t\t\t\n\t\t\t<\/span>\n\t\t\t<p>Votre avocat en droit p\u00e9nal \u00e0 Strasbourg<\/p>\n\n\t\t<\/div>\n\t[vc_empty_space height=\u00a0\u00bb15px\u00a0\u00bb][\/vc_column][\/vc_row][vc_row css=\u00a0\u00bb.vc_custom_1660905958987{padding-bottom: 0px !important;}\u00a0\u00bb][vc_column][vc_empty_space height=\u00a0\u00bb70px\u00a0\u00bb][vc_column_text]<\/p>\n<h2>Un avocat assurant votre d\u00e9fense \u00e0 tous les stades de la proc\u00e9dure<\/h2>\n<p>Que vous soyez victime ou auteur d\u2019une infraction, la pr\u00e9sence d\u2019un avocat p\u00e9naliste \u00e0 vos c\u00f4t\u00e9s permet d\u2019assurer le respect de vos droits fondamentaux et de garantir la <strong>juste r\u00e9paration de votre pr\u00e9judice.<\/strong><\/p>\n<p>Le cabinet de Ma\u00eetre Karyna Brukhnova est \u00e0 m\u00eame \u00e0 vous assister pour tout type d\u2019infractions (contraventions, d\u00e9lits, crimes) et \u00e0 tous les stades de la proc\u00e9dure p\u00e9nale\u00a0:<\/p>\n<ul>\n<li>Garde \u00e0 vue<\/li>\n<li>Information judiciaire (juge d\u2019instruction)<\/li>\n<li>D\u00e9tention provisoire (juge des libert\u00e9s et de la d\u00e9tention)<\/li>\n<li>Juridictions de jugement (tribunal de police, tribunal correctionnel, cour d\u2019assises)<\/li>\n<li>Comparution sur reconnaissance pr\u00e9alable de culpabilit\u00e9<\/li>\n<li>Am\u00e9nagement de peine<\/li>\n<li>R\u00e9paration de la d\u00e9tention provisoire abusive<\/li>\n<\/ul>\n<p><strong>Votre avocat au barreau de Strasbourg intervient en urgence pour d\u00e9fendre vos int\u00e9r\u00eats \u00e0 toutes les \u00e9tapes de la proc\u00e9dure.<\/strong><\/p>\n<p><a class=\"btn\" href=\"\/contact\">Contactez-Nous<\/a>[\/vc_column_text][\/vc_column][\/vc_row][vc_row css=\u00a0\u00bb.vc_custom_1662474175394{padding-top: 200px !important;}\u00a0\u00bb][vc_column width=\u00a0\u00bb1\/6&Prime;][\/vc_column][vc_column width=\u00a0\u00bb2\/3&Prime; css=\u00a0\u00bb.vc_custom_1660829004796{margin-top: -100px !important;background-color: #ffffff !important;}\u00a0\u00bb]<ul class=\"accordion accordion--oneopen\">\n\t\t<li>\n\t\t\t<div class=\"accordion__title text-center\">\n\t\t\t\t<span class=\"h6\">Assistance et accompagnement des victimes<\/span>\n\t\t\t<\/div>\n\t\t\t<div class=\"accordion__content\">\n\t\t\t\t<p>Si vous \u00eates victime d\u2019une infraction p\u00e9nale, vous avez la possibilit\u00e9 d\u2019entamer une action afin d\u2019obtenir l\u2019indemnisation des pr\u00e9judices subis.<\/p>\n<p><strong>Un avocat p\u00e9naliste vous aidera \u00e0 traverser ce processus souvent douloureux et \u00e0 obtenir une juste r\u00e9paration de votre pr\u00e9judice. <\/strong><\/p>\n<p><strong>Ma\u00eetre Karyna Brukhnova se charge de vous assister tout au long de la proc\u00e9dure.<\/strong><\/p>\n\n\t\t\t<\/div>\n\t\t<\/li>\n\t\n\t\t<li>\n\t\t\t<div class=\"accordion__title text-center\">\n\t\t\t\t<span class=\"h6\">La d\u00e9fense de l\u2019auteur d\u2019une infraction<\/span>\n\t\t\t<\/div>\n\t\t\t<div class=\"accordion__content\">\n\t\t\t\t<p>Vous \u00eates auteur d\u2019une infraction p\u00e9nale ? L\u2019assistance d\u2019un avocat permettra de garantir le respect de vos droits.<\/p>\n<p><strong>Ma\u00eetre Karyna Brukhnova se tient \u00e0 vos c\u00f4t\u00e9s tout au long de la proc\u00e9dure, de la garde \u00e0 vue \u00e0 l\u2019audience et \u00e0 l\u2019am\u00e9nagement de la peine, pour d\u00e9fendre au mieux vos int\u00e9r\u00eats.<\/strong><\/p>\n<p><strong>B\u00e9n\u00e9ficiant d\u2019une grande exp\u00e9rience, votre avocat vous accompagne pour mettre en place une strat\u00e9gie de d\u00e9fense efficace pour obtenir le meilleur r\u00e9sultat possible.<\/strong><\/p>\n\n\t\t\t<\/div>\n\t\t<\/li>\n\t\n\t\t<li>\n\t\t\t<div class=\"accordion__title text-center\">\n\t\t\t\t<span class=\"h6\">Les am\u00e9nagements de peine<\/span>\n\t\t\t<\/div>\n\t\t\t<div class=\"accordion__content\">\n\t\t\t\t<p>Les personnes condamn\u00e9es \u00e0 une peine ferme peuvent, sous certaines conditions, b\u00e9n\u00e9ficier d\u2019all\u00e8gement de leur peine (conversion d\u2019une peine d\u2019emprisonnement en jour-amendes, bracelet \u00e9lectronique etc.).<\/p>\n<p>Ma\u00eetre Karyna Brukhnova vous assiste devant le juge de l\u2019application des peines pour que votre peine puisse \u00eatre am\u00e9nag\u00e9e en tenant compte de votre situation professionnelle et familiale.<\/p>\n\n\t\t\t<\/div>\n\t\t<\/li>\n\t<\/ul>[\/vc_column][vc_column width=\u00a0\u00bb1\/6&Prime;][\/vc_column][\/vc_row][vc_row css=\u00a0\u00bb.vc_custom_1461592591262{padding: 0px !important;}\u00a0\u00bb][vc_column][\/vc_column][\/vc_row]<\/p>\n","protected":false},"excerpt":{"rendered":"<p>[vc_row full_width=\u00a0\u00bbstretch_row\u00a0\u00bb][vc_column][\/vc_column][\/vc_row][vc_row css=\u00a0\u00bb.vc_custom_1461592412245{padding-bottom: 0px !important;background-color: #e9ebee !important;}\u00a0\u00bb][vc_column width=\u00a0\u00bb5\/12&Prime;][vc_empty_space height=\u00a0\u00bb50px\u00a0\u00bb][vc_column_text]Ma\u00eetre Karyna Brukhnova, avocat en droit p\u00e9nal \u00e0 Strasbourg, vous repr\u00e9sente si vous vous avez commis une infraction ou si vous \u00eates victime d\u2019une infraction. Elle mettra en \u0153uvre ses comp\u00e9tences pour d\u00e9fendre au mieux vos int\u00e9r\u00eats devant les juridictions p\u00e9nales. Si vous \u00eates impliqu\u00e9 dans une [&hellip;]<\/p>\n","protected":false},"author":1,"featured_media":0,"parent":0,"menu_order":0,"comment_status":"closed","ping_status":"closed","template":"","meta":[],"yoast_head":"<!-- This site is optimized with the Yoast SEO plugin v20.2.1 - https:\/\/yoast.com\/wordpress\/plugins\/seo\/ -->\n<title>Ma\u00eetre Karyna Brukhnova - Avocat en droit p\u00e9nal \u00e0 Strasbourg<\/title>\n<meta name=\"description\" content=\"Le recours \u00e0 un avocat en droit p\u00e9nal \u00e0 Strasbourg est important pour d\u00e9fendre vos int\u00e9r\u00eats, que vous soyez victime ou auteur d\u2019infraction.\" \/>\n<meta name=\"robots\" content=\"index, follow, max-snippet:-1, max-image-preview:large, max-video-preview:-1\" \/>\n<link rel=\"canonical\" href=\"https:\/\/www.avocat-brukhnova.com\/?page_id=619\" \/>\n<meta property=\"og:locale\" content=\"fr_FR\" \/>\n<meta property=\"og:type\" content=\"article\" \/>\n<meta property=\"og:title\" content=\"Ma\u00eetre Karyna Brukhnova - Avocat en droit p\u00e9nal \u00e0 Strasbourg\" \/>\n<meta property=\"og:description\" content=\"Le recours \u00e0 un avocat en droit p\u00e9nal \u00e0 Strasbourg est important pour d\u00e9fendre vos int\u00e9r\u00eats, que vous soyez victime ou auteur d\u2019infraction.\" \/>\n<meta property=\"og:url\" content=\"https:\/\/www.avocat-brukhnova.com\/?page_id=619\" \/>\n<meta property=\"og:site_name\" content=\"Avocat Brukhnova\" \/>\n<meta property=\"article:modified_time\" content=\"2023-01-26T10:50:37+00:00\" \/>\n<meta name=\"twitter:card\" content=\"summary_large_image\" \/>\n<meta name=\"twitter:label1\" content=\"Dur\u00e9e de lecture estim\u00e9e\" \/>\n\t<meta name=\"twitter:data1\" content=\"3 minutes\" \/>\n<script type=\"application\/ld+json\" class=\"yoast-schema-graph\">{\"@context\":\"https:\/\/schema.org\",\"@graph\":[{\"@type\":\"WebPage\",\"@id\":\"https:\/\/www.avocat-brukhnova.com\/?page_id=619\",\"url\":\"https:\/\/www.avocat-brukhnova.com\/?page_id=619\",\"name\":\"Ma\u00eetre Karyna Brukhnova - Avocat en droit p\u00e9nal \u00e0 Strasbourg\",\"isPartOf\":{\"@id\":\"https:\/\/www.avocat-brukhnova.com\/#website\"},\"datePublished\":\"2022-08-19T10:21:36+00:00\",\"dateModified\":\"2023-01-26T10:50:37+00:00\",\"description\":\"Le recours \u00e0 un avocat en droit p\u00e9nal \u00e0 Strasbourg est important pour d\u00e9fendre vos int\u00e9r\u00eats, que vous soyez victime ou auteur d\u2019infraction.\",\"breadcrumb\":{\"@id\":\"https:\/\/www.avocat-brukhnova.com\/?page_id=619#breadcrumb\"},\"inLanguage\":\"fr-FR\",\"potentialAction\":[{\"@type\":\"ReadAction\",\"target\":[\"https:\/\/www.avocat-brukhnova.com\/?page_id=619\"]}]},{\"@type\":\"BreadcrumbList\",\"@id\":\"https:\/\/www.avocat-brukhnova.com\/?page_id=619#breadcrumb\",\"itemListElement\":[{\"@type\":\"ListItem\",\"position\":1,\"name\":\"Accueil\",\"item\":\"https:\/\/www.avocat-brukhnova.com\/\"},{\"@type\":\"ListItem\",\"position\":2,\"name\":\"Droit p\u00e9nal\"}]},{\"@type\":\"WebSite\",\"@id\":\"https:\/\/www.avocat-brukhnova.com\/#website\",\"url\":\"https:\/\/www.avocat-brukhnova.com\/\",\"name\":\"Avocat Brukhnova\",\"description\":\"\",\"publisher\":{\"@id\":\"https:\/\/www.avocat-brukhnova.com\/#organization\"},\"potentialAction\":[{\"@type\":\"SearchAction\",\"target\":{\"@type\":\"EntryPoint\",\"urlTemplate\":\"https:\/\/www.avocat-brukhnova.com\/?s={search_term_string}\"},\"query-input\":\"required name=search_term_string\"}],\"inLanguage\":\"fr-FR\"},{\"@type\":\"Organization\",\"@id\":\"https:\/\/www.avocat-brukhnova.com\/#organization\",\"name\":\"Avocat Brukhnova\",\"url\":\"https:\/\/www.avocat-brukhnova.com\/\",\"logo\":{\"@type\":\"ImageObject\",\"inLanguage\":\"fr-FR\",\"@id\":\"https:\/\/www.avocat-brukhnova.com\/#\/schema\/logo\/image\/\",\"url\":\"https:\/\/www.avocat-brukhnova.com\/wp-content\/uploads\/logo-avocat-brukhnova-nv24-1.png\",\"contentUrl\":\"https:\/\/www.avocat-brukhnova.com\/wp-content\/uploads\/logo-avocat-brukhnova-nv24-1.png\",\"width\":300,\"height\":95,\"caption\":\"Avocat Brukhnova\"},\"image\":{\"@id\":\"https:\/\/www.avocat-brukhnova.com\/#\/schema\/logo\/image\/\"}}]}<\/script>\n<!-- \/ Yoast SEO plugin. -->","yoast_head_json":{"title":"Ma\u00eetre Karyna Brukhnova - Avocat en droit p\u00e9nal \u00e0 Strasbourg","description":"Le recours \u00e0 un avocat en droit p\u00e9nal \u00e0 Strasbourg est important pour d\u00e9fendre vos int\u00e9r\u00eats, que vous soyez victime ou auteur d\u2019infraction.","robots":{"index":"index","follow":"follow","max-snippet":"max-snippet:-1","max-image-preview":"max-image-preview:large","max-video-preview":"max-video-preview:-1"},"canonical":"https:\/\/www.avocat-brukhnova.com\/?page_id=619","og_locale":"fr_FR","og_type":"article","og_title":"Ma\u00eetre Karyna Brukhnova - Avocat en droit p\u00e9nal \u00e0 Strasbourg","og_description":"Le recours \u00e0 un avocat en droit p\u00e9nal \u00e0 Strasbourg est important pour d\u00e9fendre vos int\u00e9r\u00eats, que vous soyez victime ou auteur d\u2019infraction.","og_url":"https:\/\/www.avocat-brukhnova.com\/?page_id=619","og_site_name":"Avocat Brukhnova","article_modified_time":"2023-01-26T10:50:37+00:00","twitter_card":"summary_large_image","twitter_misc":{"Dur\u00e9e de lecture estim\u00e9e":"3 minutes"},"schema":{"@context":"https:\/\/schema.org","@graph":[{"@type":"WebPage","@id":"https:\/\/www.avocat-brukhnova.com\/?page_id=619","url":"https:\/\/www.avocat-brukhnova.com\/?page_id=619","name":"Ma\u00eetre Karyna Brukhnova - Avocat en droit p\u00e9nal \u00e0 Strasbourg","isPartOf":{"@id":"https:\/\/www.avocat-brukhnova.com\/#website"},"datePublished":"2022-08-19T10:21:36+00:00","dateModified":"2023-01-26T10:50:37+00:00","description":"Le recours \u00e0 un avocat en droit p\u00e9nal \u00e0 Strasbourg est important pour d\u00e9fendre vos int\u00e9r\u00eats, que vous soyez victime ou auteur d\u2019infraction.","breadcrumb":{"@id":"https:\/\/www.avocat-brukhnova.com\/?page_id=619#breadcrumb"},"inLanguage":"fr-FR","potentialAction":[{"@type":"ReadAction","target":["https:\/\/www.avocat-brukhnova.com\/?page_id=619"]}]},{"@type":"BreadcrumbList","@id":"https:\/\/www.avocat-brukhnova.com\/?page_id=619#breadcrumb","itemListElement":[{"@type":"ListItem","position":1,"name":"Accueil","item":"https:\/\/www.avocat-brukhnova.com\/"},{"@type":"ListItem","position":2,"name":"Droit p\u00e9nal"}]},{"@type":"WebSite","@id":"https:\/\/www.avocat-brukhnova.com\/#website","url":"https:\/\/www.avocat-brukhnova.com\/","name":"Avocat Brukhnova","description":"","publisher":{"@id":"https:\/\/www.avocat-brukhnova.com\/#organization"},"potentialAction":[{"@type":"SearchAction","target":{"@type":"EntryPoint","urlTemplate":"https:\/\/www.avocat-brukhnova.com\/?s={search_term_string}"},"query-input":"required name=search_term_string"}],"inLanguage":"fr-FR"},{"@type":"Organization","@id":"https:\/\/www.avocat-brukhnova.com\/#organization","name":"Avocat Brukhnova","url":"https:\/\/www.avocat-brukhnova.com\/","logo":{"@type":"ImageObject","inLanguage":"fr-FR","@id":"https:\/\/www.avocat-brukhnova.com\/#\/schema\/logo\/image\/","url":"https:\/\/www.avocat-brukhnova.com\/wp-content\/uploads\/logo-avocat-brukhnova-nv24-1.png","contentUrl":"https:\/\/www.avocat-brukhnova.com\/wp-content\/uploads\/logo-avocat-brukhnova-nv24-1.png","width":300,"height":95,"caption":"Avocat Brukhnova"},"image":{"@id":"https:\/\/www.avocat-brukhnova.com\/#\/schema\/logo\/image\/"}}]}},"_links":{"self":[{"href":"https:\/\/www.avocat-brukhnova.com\/index.php?rest_route=\/wp\/v2\/pages\/619"}],"collection":[{"href":"https:\/\/www.avocat-brukhnova.com\/index.php?rest_route=\/wp\/v2\/pages"}],"about":[{"href":"https:\/\/www.avocat-brukhnova.com\/index.php?rest_route=\/wp\/v2\/types\/page"}],"author":[{"embeddable":true,"href":"https:\/\/www.avocat-brukhnova.com\/index.php?rest_route=\/wp\/v2\/users\/1"}],"replies":[{"embeddable":true,"href":"https:\/\/www.avocat-brukhnova.com\/index.php?rest_route=%2Fwp%2Fv2%2Fcomments&post=619"}],"version-history":[{"count":24,"href":"https:\/\/www.avocat-brukhnova.com\/index.php?rest_route=\/wp\/v2\/pages\/619\/revisions"}],"predecessor-version":[{"id":972,"href":"https:\/\/www.avocat-brukhnova.com\/index.php?rest_route=\/wp\/v2\/pages\/619\/revisions\/972"}],"wp:attachment":[{"href":"https:\/\/www.avocat-brukhnova.com\/index.php?rest_route=%2Fwp%2Fv2%2Fmedia&parent=619"}],"curies":[{"name":"wp","href":"https:\/\/api.w.org\/{rel}","templated":true}]}}